?
False
Is 294 a factor of 26553198?
True
Is 1128073968 a multiple of 9314?
False
Is 1833538200 a multiple of 40?
True
Does 9402 divide 1755447420?
True
Is 308 a factor of 77521752?
True
Is 8775747 a multiple of 778?
False
Is 106 a factor of 23496066?
True
Does 153 divide 44279545?
False
Is 2170 a factor of 612957730?
True
Is 1534576788 a multiple of 919?
False
Does 18 divide 62192628?
True
Is 34 a factor of 3664522?
False
Is 4 a factor of 193496058?
False
Does 6 divide 46519757?
False
Does 14 divide 814303318?
False
Does 364 divide 3253002?
False
Is 288414996 a multiple of 8102?
True
Is 314 a factor of 4487150432?
True
Is 13939840 a multiple of 110?
False
Is 16583138 a multiple of 286?
True
Is 33051627 a multiple of 49?
True
Is 12 a factor of 81487833?
False
Does 10 divide 13620303?
False
Does 227 divide 26350160?
True
Is 14 a factor of 38159814?
True
Does 85 divide 221152815?
False
Is 21 a factor of 1548401815?
False
Is 77073099 a multiple of 234?
False
Is 2606 a factor of 693154304?
True
Does 1339 divide 595094448?
True
Is 4557 a factor of 43597062?
False
Is 143 a factor of 32608333?
False
Is 439169301 a multiple of 1513?
False
Is 2676 a factor of 261303468?
False
Does 22 divide 35957772?
False
Is 1056 a factor of 4986432?
True
Does 64 divide 18332277?
False
Is 49 a factor of 20448397?
False
Is 647894291 a multiple of 253?
True
Does 21 divide 30029545?
False
Is 678 a factor of 1210357828?
False
Is 2513700 a multiple of 5?
True
Does 1625 divide 1048268640?
False
Does 18 divide 31779438?
False
Does 406 divide 191918551?
False
Is 344011099 a multiple of 3?
False
Does 30 divide 84092160?
True
Does 14 divide 341962107?
False
Is 636 a factor of 56541036?
True
Does 3 divide 3118855?
False
Does 49 divide 16490117?
True
Does 224 divide 554843296?
True
Is 1766989561 a multiple of 168?
False
Is 205421008 a multiple of 13?
True
Is 20 a factor of 7584478?
False
Is 4936334 a multiple of 15?
False
Is 588326411 a multiple of 1560?
False
Does 2150 divide 232780500?
True
Does 35 divide 198635850?
True
Is 530176079 a multiple of 2563?
False
Is 978 a factor of 8071131?
False
Is 55175622 a multiple of 37?
False
Does 64 divide 20320616?
False
Is 95716096 a multiple of 14?
True
Is 3241701859 a multiple of 451?
True
Is 6281973 a multiple of 9?
True
Is 13 a factor of 62242830?
True
Does 41 divide 125683190?
False
Is 28389271 a multiple of 10?
False
Is 1096806160 a multiple of 860?
True
Is 1028 a factor of 15349050?
False
Is 7 a factor of 607323353?
True
Does 7 divide 299019287?
True
Does 35 divide 410845883?
False
Is 6942655851 a multiple of 13646?
False
Does 378 divide 2143850?
False
Is 5 a factor of 11525446?
False
Is 1688 a factor of 151687056?
True
Is 481 a factor of 8527649?
True
Does 380 divide 186317420?
True
Does 12 divide 2094221628?
True
Is 850 a factor of 204875500?
True
Is 6794322598 a multiple of 14?
True
Does 10 divide 284524836?
False
Is 38350261 a multiple of 605?
False
Is 114454303 a multiple of 251?
False
Does 1976 divide 830530024?
False
Is 12925741 a multiple of 3133?
False
Is 74009880 a multiple of 84?
True
Is 301824401 a multiple of 354?
False
Is 3688376 a multiple of 4?
True
Is 1423064496 a multiple of 28?
True
Does 26 divide 9356429?
False
Is 35 a factor of 14337155?
True
Is 4907 a factor of 3167380174?
True
Is 211905676 a multiple of 11?
False
Does 17 divide 55672732?
False
Is 3843 a factor of 214133925?
False
Does 72 divide 2345329450?
False
Is 12664127 a multiple of 59?
False
Is 1454048684 a multiple of 44?
True
Is 873015413 a multiple of 144?
False
Is 223 a factor of 4427665?
True
Is 19 a factor of 52358199?
False
Does 1564 divide 95386796?
True
Does 1063 divide 67392308?
False
Is 7998637 a multiple of 133?
False
Does 6439 divide 113184868?
False
Is 32 a factor of 1412656096?
True
Is 10 a factor of 83767430?
True
Is 799 a factor of 513171732?
False
Does 306 divide 14259576?
False
Is 1060 a factor of 57951260?
True
Is 740695584 a multiple of 12?
True
Does 423 divide 2469502466?
False
Is 1072 a factor of 34611817?
False
Is 62527689 a multiple of 40?
False
Is 6764366 a multiple of 451?
False
Is 3764666244 a multiple of 6?
True
Does 301 divide 12266162?
False
Does 104 divide 73907005?
False
Is 29 a factor of 259318783?
True
Is 67052895 a multiple of 195?
True
Is 83973811 a multiple of 1576?
False
Is 223 a factor of 1510212695?
False
Is 8058566 a multiple of 194?
True
Is 37322280 a multiple of 15?
True
Does 79 divide 1537014678?
True
Is 11 a factor of 1857878?
True
Does 3 divide 152394828?
True
Is 1163268980 a multiple of 5?
True
Is 1320000 a multiple of 5?
True
Does 1084 divide 34090716?
True
Is 443 a factor of 28491545?
True
Is 75 a factor of 1726275?
True
Is 799 a factor of 451248833?
True
Is 215124030 a multiple of 5310?
True
Is 19 a factor of 211714572?
False
Is 150852288 a multiple of 1675?
False
Is 49 a factor of 9357040?
True
Is 235 a factor of 9930351?
False
Is 22 a factor of 943170044?
False
Is 4665 a factor of 81371595?
True
Does 9 divide 2593981069?
False
Is 3075737 a multiple of 353?
False
Does 1146 divide 76733868?
True
Does 12 divide 78559347?
False
Is 14 a factor of 6752298?
True
Is 168 a factor of 27990984?
True
Is 55209162 a multiple of 670?
False
Is 437238663 a multiple of 9?
False
Is 282941464 a multiple of 247?
True
Is 91158760 a multiple of 77?
True
Does 2342 divide 82742860?
True
Is 174 a factor of 431115798?
True
Is 97 a factor of 31711434?
True
Does 1101 divide 332545126?
False
Does 706 divide 3124364876?
True
Is 115211087 a multiple of 959?
False
Is 122750144 a multiple of 121?
True
Is 11873224 a multiple of 70?
False
Is 1570 a factor of 1207581200?
True
Is 8089284 a multiple of 318?
True
Does 16 divide 1176734552?
False
Does 163 divide 276088270?
False
Is 1375 a factor of 603509500?
True
Is 640424136 a multiple of 1302?
False
Is 801062536 a multiple of 96?
False
Does 306 divide 132731784?
True
Is 11 a factor of 95908126?
False
Is 90871250 a multiple of 625?
True
Is 935 a factor of 73016413?
False
Is 1552050 a multiple of 225?
True
Is 1352861491 a multiple of 30?
False
Is 67201819 a multiple of 7?
False
Is 9 a factor of 1081518471?
True
Does 15 divide 1894973115?
True
Is 1012705933 a multiple of 77?
False
Is 35217419 a multiple of 1777?
False
Is 52 a factor of 125009372?
False
Is 2755334 a multiple of 316?
False
Does 15 divide 1671141021?
False
Does 13 divide 257398882?
True
Is 1948674 a multiple of 249?
True
Does 808 divide 1477151664?
True
Does 5 divide 431665?
True
Is 2629410095 a multiple of 157?
True
Is 149753128 a multiple of 5441?
False
Does 257 divide 24155944?
True
Does 121 divide 85094173?
False
Does 466 divide 613019798?
False
Does 14 divide 13907733?
False
Is 837 a factor of 528090252?
False
Is 32731146 a multiple of 1477?
False
Does 52 divide 43439073?
False
Does 12 divide 57770088?
True
Is 42043048 a multiple of 8?
True
Does 1712 divide 286290912?
True
Does 3049 divide 381247151?
False
Does 2014 divide 215362052?
False
Is 1927 a factor of 551626754?
False
Does 399 divide 60148003?
False
Does 2950 divide 165473244?
False
Does 308 divide 135309020?
True
Is 1060362272 a multiple of 10?
False
Does 384 divide 36830592?
True
Is 1845008972 a multiple of 12664?
False
Is 14004263 a multiple of 8?
False
Is 448 a factor of 1165646272?
True
Is 162 a factor of 55596040?
False
Is 67 a factor of 2231388709?
False
Does 2382 divide 268758164?
False
Is 5 a factor of 6602395?
True
Is 176907135 a multiple of 1545?
True
Is 31 a factor of 11821571?
True
Does 74 divide 179582238?
True
Does 149 divide 70176842?
False
Is 177 a factor of 3625520382?
True
Is 158683722 a multiple of 379?
False
Is 2 a factor of 12084222?
True
Is 2382 a factor of 101720928?
True
Is 1392192744 a multiple of 137?
False
Does 9 divide 107018460?
True
Does 2 divide 8215257?
False
Is 229775844 a multiple of 124?
True
Does 4 divide 116915940?
True
Is 16 a factor of 194103648?
True
Does 47 divide 340225198?
True
Is 31914943 a multiple of 205?
False
Is 1177640970 a multiple of 8?
False
Is 406665539 a multiple of 6114?
False
Does 1042 divide 10890232?
False
Does 14 divide 4312098?
True
Is 61 a factor of 473907353?
True
Is 1374 a factor of 127474224?
True
Is 192 a factor of 266632512?
True
Is 25082420 a multiple of 11?
True
Does 447 divide 805429938?
Fals